re the prime factors of p?
11, 71
Let o be 1 + 325 + (10 - 7) - 0. Suppose 8*k - 6*k - 3*u = o, u = -k + 172. What are the prime factors of k?
13
Let h(u) = u**2 - 39*u + 112. What are the prime factors of h(-27)?
2, 947
Suppose -k + 5*c = 7*c - 18, 0 = -5*k - 4*c + 120. List the prime factors of k.
2, 7
Let c be (-3 + 0)/((-12)/8). Suppose c*r - 1 + 13 = 0. What are the prime factors of (430/(-15))/(r/9)?
43
Let q = 57 - 86. List the prime factors of (-348)/q*30/4*1.
2, 3, 5
Let v = 27 + -45. Let j = 8 + v. Let l = j - -39. List the prime factors of l.
29
Suppose 9*h = 10 + 35. Suppose -4*a + t + 712 = 0, 4*a + h*t - 1101 + 365 = 0. List the prime factors of a.
179
Let u = 516 + 209. List the prime factors of u.
5, 29
Let j be 41 + -2 + 5 + -2. What are the prime factors of (-192)/(-72)*j/4?
2, 7
List the prime factors of (-4 - -3)/(1/5739*-1).
3, 1913
Suppose 152 = 5*w - 118. Suppose -w*s - 88 = -56*s. What are the prime factors of s?
2, 11
Let x(i) = 53*i + 31. Let f be x(5). Suppose 5*r - 3*b = 410, -7*r + 3*r - 4*b = -f. What are the prime factors of r?
79
Let w(s) = s**3 - 12*s**2 - 17*s + 109. What are the prime factors of w(17)?
5, 11, 23
Suppose -1 = 2*l - 27. Suppose 0 = -j + l - 1. List the prime factors of j.
2, 3
Let g(p) be the first derivative of -p**2 + 4*p - 5. Let i be g(2). Suppose 0 = -i*o - 5*o + 55. What are the prime factors of o?
11
Let s(n) = -n**2 + 21*n + 3. Let c be s(21). Suppose 5*t - 112 = -5*p + t, c*p = t + 74. What are the prime factors of p?
2, 3
Suppose -2*y = -54 - 34. Let g = 48 + y. List the prime factors of g.
2, 23
Let y(u) be the third derivative of -u**4/24 + 7*u**3/2 - 5*u**2. List the prime factors of y(-20).
41
Suppose -58 = -4*g + 3*x, 3*x + 35 + 10 = 3*g. Suppose 14*j = g*j + 102. What are the prime factors of j?
2, 3, 17
Let d(m) = -6*m**3 + 2*m**3 - 4*m - 1 + 3*m**3 - 4*m**2. Let c be d(-3). Suppose 3*n = c*z + z - 57, z + 2*n = 31. What are the prime factors of z?
23
Let o = -728 + 1221. List the prime factors of o.
17, 29
Suppose -69 - 24 = b. Let p = -44 - b. List the prime factors of p.
7
List the prime factors of -2 + 9 + (-3)/1.
2
What are the prime factors of 612 + (6/1 - -1)?
619
Let w = 29 + -23. Suppose 138 = -0*t + w*t. What are the prime factors of t?
23
Let l be (-1 - 23)/(3/(-2)). Suppose l = -2*h - 4. What are the prime factors of 1/2 - 165/h?
17
Let l(i) = -2*i**2 + 54*i - 11. List the prime factors of l(19).
293
Suppose -109 + 13 = -6*t. Suppose n = -4*z + 2 - 0, -t = 4*z. What are the prime factors of n?
2, 3
What are the prime factors of (18/16)/(9/(-6))*-1012?
3, 11, 23
Suppose 11*l - 114 = 5*l. Let m = 80 - l. List the prime factors of m.
61
Let x = 57 - 59. List the prime factors of (-9)/(-2) + -4 + (-355)/x.
2, 89
Let x = 7 - 5. Suppose 2*y - 2 = 2, 2*s - x*y - 492 = 0. What are the prime factors of s?
2, 31
Let d(a) = -a**2 + a - 1. Let r be d(4). Let o(w) = 2*w**2 + 18*w - 6. Let c be o(r). Suppose -2*l + 4*l = 2*t - 64, 3*t = 4*l + c. List the prime factors of t.
2, 3, 5
Suppose 7 = -2*n + 11. Suppose -80 = -z - 6*k + n*k, 4*z + k = 260. List the prime factors of z.
2
Let k = 398 - -74. List the prime factors of k.
2, 59
Suppose 0 = 2*b + 59 - 53. Suppose 4*q + 164 = 3*l, 144 + 25 = 3*l + q. List the prime factors of 1694/l + b/(-4).
31
Let t = 9 + -9. Suppose 0*k + 5*k - 75 = t. Suppose 0 = -k*w + 11*w + 52. List the prime factors of w.
13
Let j(s) = -s**3 + 10*s**2 - 15*s + 5. Let u be j(9). Let n = u + 85. What are the prime factors of n?
2, 3
Let x = 5 + -4. Let k = -1 + x. Suppose k = b - 3*b + 46. What are the prime factors of b?
23
Suppose 0 = 5*f + 4*j - 743, -2*j + 160 = f - 5*j. Suppose 2*p = f + 23. List the prime factors of p.
3, 29
Let y(s) = -2*s**3 + 4*s**2 - 13*s - 26. What are the prime factors of y(-5)?
389
Let r(y) = -25*y - 3. Let s be r(2). Let c = s + 91. What are the prime factors of c?
2, 19
Suppose -5*p = -z + 264, 0 = -3*z + 4*p - 2*p + 805. Suppose 3*q - 489 = 2*a, 99 - z = -q + 3*a. Let c = q + -100. List the prime factors of c.
61
List the prime factors of (-8)/(-14)*(-340158)/(-156).
2, 7, 89
Suppose -3*m = -b - 48, -m + 205 = -4*b - 2*m. Let r = b - -101. List the prime factors of r.
2, 5
Let v(c) = -6*c + 1. Let g be v(-1). Let w = 10 - g. Suppose x - 16 = -w*x. What are the prime factors of x?
2
Let t be (25/(-10))/((-2)/4). Suppose 2*q + 0*k - 73 = -t*k, 0 = -2*q + 4*k + 28. Suppose -4*g + 92 = q. List the prime factors of g.
17
Suppose 8240 - 1150 = 10*u. What are the prime factors of u?
709
Suppose -5*c + 3575 = 5*y - 805, -2648 = -3*y + c. What are the prime factors of y?
881
List the prime factors of 13*(1 + 28) + -10 + 6.
373
Suppose -5*n - 259 = -2*i, 3*n - 6*n = -3*i + 159. What are the prime factors of (4 - (-60)/(-18))*n/(-1)?
2, 17
Let u = -1173 + 2479. What are the prime factors of u?
2, 653
Suppose -p + 360 = 4*l + 41, -p + 3*l = -347. Let j = p + -213. List the prime factors of j.
2, 61
Suppose 3*i - 35 = -i - 3*m, 2*i - 3*m + 5 = 0. List the prime factors of ((8/i)/2)/(16/3760).
2, 47
Let k(u) = -u + 14. Let b be k(10). Let x(s) = -83*s - 6. Let l be x(-2). Suppose b*m = -m + l. What are the prime factors of m?
2
Let j be 126/26 + (-14)/(-91). Suppose 0*c = -5*c - 3*t + 594, -3*c + 366 = j*t. What are the prime factors of c?
3, 13
Suppose 2*r - r - 10 = 0. Suppose 2*c - 14 = -4*p, -5*c + 5*p - 35 = p. What are the prime factors of -3*r*c/5?
2, 3
What are the prime factors of (120/240)/((-1)/(-3758))?
1879
Suppose 15 = 6*n - 5*n. Let h(c) = -c - c**3 + 9*c**2 - 12*c**2 - c + n. List the prime factors of h(-5).
3, 5
Suppose 6*c + 20 = c. Let k = c + 7. Suppose 0 = -5*f + 3*p + 77, -p + 5 = k*f - 44. List the prime factors of f.
2
Suppose -3*r - 5*m = -6856, 5*r + 5*m + 2970 - 14400 = 0. List the prime factors of r.
2287
Let k = 2272 + -1375. What are the prime factors of k?
3, 13, 23
List the prime factors of 1280/(-30)*(-9)/6*8.
2
Suppose -5*c = 5*p - 8*c - 2067, 2*c + 1240 = 3*p. What are the prime factors of p?
2, 3, 23
Let i = -70 + 99. Suppose 1 = -2*a + i. What are the prime factors of a?
2, 7
Let h(y) = 16*y**2 - 2*y. Let g be h(2). Let p = g + -89. Let z = p + 50. List the prime factors of z.
3, 7
Let k be 2/(-4) + (-151)/(-2) + 1. List the prime factors of (k + -4)*2/3.
2, 3
Suppose -3*g + 0 = -y + 14, 2*g = -y - 6. Let q be 3 + (y - 4)/1. What are the prime factors of (-2)/q - (10 - 50)?
2, 19
Suppose 62*z = 54*z + 32. List the prime factors of z.
2
Let m = 1 - 1. Let k(c) = -c**3 - 8*c**2 - 2*c + 9. Let h be k(-8). Suppose -3*f = i - h, m*i + 93 = 5*i - f. What are the prime factors of i?
19
Let m(a) = 2449*a**2 - 60*a - 62. What are the prime factors of m(-1)?
2447
Suppose 6*j + 28 = 13*j. What are the prime factors of ((-94)/j)/((-9)/54)?
3, 47
Suppose 0 = -0*d - d. Suppose -4*r - r + 15 = d. Suppose 3*b = -r*p + 6*p + 120, b + 3*p = 36. What are the prime factors of b?
3, 13
Suppose -5*c = -3*c - 8. Let g be 3 + c/(-2) + 2. Suppose g*r - 23 = -8. List the prime factors of r.
5
Suppose 3*p + 2*l - 206 = 0, p - 87 + 5 = 2*l. Let n be (p + 2)*(-6)/(-12). Suppose n = 3*a + j, -3*a = -5*j - 56 + 7. List the prime factors of a.
13
Suppose 2*i - 16 = -2. Suppose i = -2*s + 123. List the prime factors of s.
2, 29
Let s(q) = -1 + 3*q - 1 - q + 1. Let l be -1*(-1)/((-2)/(-14)). What are the prime factors of s(l)?
13
Suppose -3976 = 7*o + o. Let c = -349 - o. List the prime factors of c.
2, 37
Let r be 3/(9/(-3273))*-1. Suppose 3*d = r + 223. List the prime factors of 10/65 - d/(-26).
17
Suppose -279 = -2*i + 3*t, -i - 3*i + 588 = 4*t. Let n = i + -4. Suppose 4*d - n = -4*u, -3*u = -2*u - 5*d - 23. What are the prime factors of u?
3, 11
Suppose -3*h + 14 + 16 = 0. Let s = h - 5. Suppose 10 = v + 2*q - 27, -s*q = 5*v - 170. List the prime factors of v.
31
Let q = 40 - 36. Suppose -q*m + 164 = -36. List the prime factors of m.
2, 5
Let h(n) be the third derivative of -7*n**4/24 - n**3/2 - 3*n**2. Let t(a) = -20*a - 9. Let c(g) = 17*h(g) - 6*t(g). List the prime factors of c(5).
2
Suppose -4 = -2*a, -5*u + 19*a = 15*a - 1937. List the prime factors of u.
389
Suppose -1 = a, 16*a + 2106 = 3*k + 19*a. List the prime factors of k.
19, 37
Let b = 137 + -94. Let z = -37 + b. What are the prime factors of z?
2, 3
Suppose 144